3*b + 891. Give z(21).
-12
Let w(n) = 4*n**2 + 543*n + 905. Determine w(-134).
-33
Let x(b) = 8*b**2 - 10*b + 26. What is x(6)?
254
Let d(v) = 431*v + 3495. Determine d(-8).
47
Let i(o) = 7*o**2 + 24*o - 55. Determine i(2).
21
Let r(o) = 2*o**3 + 13*o**2 + 65*o + 356. Give r(-6).
2
Let d(o) = -4*o**2 + 247*o + 6219. Determine d(81).
-18
Let f(u) = u**3 + 14*u**2 + 8*u + 21. Determine f(-6).
261
Let r(m) = -m**2 - 35*m - 651. Determine r(-25).
-401
Let a(l) = 3*l**2 + 826*l + 5671. What is a(-7)?
36
Let s(m) = 9*m + 32. Calculate s(2).
50
Let z(l) = -3*l**3 - 4*l**2 - 18*l - 113. Calculate z(-5).
252
Let v(y) = -287*y - 12918. Give v(-45).
-3
Let i(b) = -6*b**3 - 2*b**2 + 84*b - 81. What is i(1)?
-5
Let x(f) = -f**3 - f**2 + 24*f + 48. Calculate x(-4).
0
Let l(z) = 2*z**2 + 22*z - 819. Give l(18).
225
Let b(f) = 3*f**2 + 1002*f + 2008. Calculate b(-2).
16
Let w(t) = 3*t**2 + 45*t - 2. Give w(-17).
100
Let z(m) = m**2 + 189*m + 1098. Calculate z(-183).
0
Let a(q) = -1585*q - 9581. Give a(-6).
-71
Let j(m) = 32*m + 77. Give j(-5).
-83
Let v(g) = -170*g + 1537. What is v(9)?
7
Let x(a) = -9*a**2 + 40*a + 40. What is x(-1)?
-9
Let c(z) = -43*z + 1986. What is c(52)?
-250
Let q(i) = i**2 - 11*i + 113. Determine q(17).
215
Let v(c) = -361*c - 751. Give v(-2).
-29
Let h(n) = -25*n - 2212. Give h(-88).
-12
Let c(d) = 993*d**2 - 6948*d - 22. Determine c(7).
-1
Let w(u) = 78*u + 1172. What is w(-15)?
2
Let q(f) = -f**2 + 119*f - 1325. Calculate q(15).
235
Let b(x) = x**2 + 13*x - 154. Give b(8).
14
Let r(t) = -t**3 + 31*t**2 - 122*t + 2746. What is r(30)?
-14
Let a(s) = -s**2 + 30*s + 74. Determine a(30).
74
Let q(c) = 483*c - 4352. Calculate q(9).
-5
Let l(h) = h**3 - 8*h**2 + h - 29. Give l(8).
-21
Let k(h) = -6*h**2 + 27*h + 347. Calculate k(-7).
-136
Let w(m) = -29*m**2 + 176*m - 20. Give w(6).
-8
Let z(d) = 14946*d + 89657. Calculate z(-6).
-19
Let r(m) = 6389*m - 140553. Determine r(22).
5
Let r(a) = 9*a - 1055. Determine r(-7).
-1118
Let o(b) = -3*b**2 - 80*b + 250. What is o(3)?
-17
Let u(b) = 5*b**2 - 3*b - 109. What is u(6)?
53
Let w(p) = -4*p**3 + 130*p**2 - 64*p - 1. Determine w(32).
-1
Let d(a) = -37*a - 1018. Calculate d(-27).
-19
Let g(n) = 103*n - 962. Determine g(9).
-35
Let c(b) = -9216*b + 55274. Determine c(6).
-22
Let g(t) = t**2 + 326*t + 1909. Determine g(-6).
-11
Let n(h) = -46*h**2 + 552*h - 8. Calculate n(12).
-8
Let f(m) = 419*m**3 + 2*m**2 + m - 1. Determine f(-1).
-419
Let g(t) = -20*t**2 + 231*t + 73. What is g(12)?
-35
Let d(r) = -2*r**3 + 16*r**2 - 13*r + 75. Determine d(7).
82
Let p(b) = 1010*b - 1000. Give p(1).
10
Let f(c) = 2*c**3 - 50*c**2 + 259*c - 99. Determine f(18).
27
Let q(x) = 64*x**3 + 7*x**2 - 8*x + 1. What is q(1)?
64
Let x(d) = 285*d + 292. Give x(-1).
7
Let d(z) = -71*z**2 - 32021*z - 2. Give d(-451).
-2
Let u(w) = -2*w**3 + 44*w**2 - 117*w + 66. Calculate u(19).
9
Let g(t) = -2*t**2 + 30*t + 2. Give g(15).
2
Let k(w) = 2*w**2 - 27*w - 94. Determine k(-5).
91
Let h(q) = -236*q - 3. What is h(-1)?
233
Let l(a) = -a**3 - 2*a + 10. Calculate l(0).
10
Let t(a) = 601*a + 32416. Determine t(-54).
-38
Let s(a) = -9*a**2 + 300*a - 1712. Determine s(26).
4
Let h(k) = k**3 + 34*k**2 + 23*k - 237. Calculate h(-33).
93
Let f(y) = y**2 + 11234*y + 134662. What is f(-12)?
-2
Let m(i) = 2*i**2 - 874*i + 44604. What is m(378)?
0
Let b(a) = 167*a - 474. What is b(3)?
27
Let y(z) = -3*z**2 + 2*z + 17. Give y(-9).
-244
Let t(s) = -s**3 + s**2 + 6*s + 11. Calculate t(5).
-59
Let o(h) = h**3 + 57*h**2 - 2848*h - 14. Determine o(-89).
-14
Let f(q) = q**3 + 21*q**2 - 135*q - 124. What is f(-26)?
6
Let x(a) = -386*a + 8855. What is x(23)?
-23
Let z(a) = 42*a - 652. Calculate z(19).
146
Let g(x) = 147*x + 2058. Give g(-15).
-147
Let m(a) = a**3 - 5*a**2 - 13*a - 16. Determine m(7).
-9
Let s(n) = -2*n**3 - 5*n**2 - 6*n - 6. What is s(2)?
-54
Let f(x) = -9*x**3 + 1143*x**2 + 2*x - 255. Calculate f(127).
-1
Let p(a) = -75*a + 4. Give p(3).
-221
Let a(f) = 11*f + 488. Determine a(-39).
59
Let j(s) = -s**2 + 101*s - 1487. Calculate j(18).
7
Let d(j) = -3*j**3 + 589*j**2 + 395*j - 195. Determine d(197).
2
Let j(o) = o**2 - 973*o + 5781. Give j(6).
-21
Let a(f) = 16*f**2 + 39*f + 6. Give a(-8).
718
Let z(h) = 2152*h + 12911. Calculate z(-6).
-1
Let y(f) = -18*f**3 + 2*f**2 - 10*f - 12. What is y(-2)?
160
Let y(w) = 3*w**3 + 26*w**2 + 17*w + 35. What is y(-8)?
27
Let w(d) = d**2 + 15*d - 326. What is w(15)?
124
Let x(c) = 36*c - 1195. Give x(33).
-7
Let u(n) = -n**3 + 28*n**2 - 169*n + 173. What is u(20)?
-7
Let w(j) = j**3 + 13*j**2 + 24*j - 16. Calculate w(-11).
-38
Let l(y) = -3*y**2 + 43*y - 48. Calculate l(13).
4
Let l(b) = -b**3 - 13*b**2 - 35*b - 20. What is l(-4)?
-24
Let s(y) = -2*y**2 + 166*y - 3267. Give s(32).
-3
Let b(s) = -s**2 + 42*s - 199. What is b(5)?
-14
Let m(o) = -o**3 - 45*o**2 - 12*o - 543. Determine m(-45).
-3
Let r(d) = d**3 - 71*d**2 + 169*d - 2139. Calculate r(69).
0
Let k(s) = s**2 + 29*s + 12. What is k(-8)?
-156
Let p(z) = 2*z**3 - z**2 + z - 149. Calculate p(0).
-149
Let v(h) = 2788*h + 8309. Give v(-3).
-55
Let z(d) = -8*d + 515. Calculate z(45).
155
Let y(s) = -276*s - 69294. Give y(-251).
-18
Let x(q) = q**3 - q**2 - q + 7. What is x(2)?
9
Let l(w) = w**3 + 10*w**2 + 13*w + 98. Determine l(-9).
62
Let s(l) = l**3 + 14*l**2 - 22*l + 37. Determine s(-16).
-123
Let d(o) = -2*o + 20. Calculate d(22).
-24
Let z(m) = -1101*m + 6611. Determine z(6).
5
Let y(v) = -v**3 + 6*v**2 - 2*v - 17. Calculate y(5).
-2
Let c(p) = -p**3 + 6*p**2 - 5710*p + 22801. What is c(4)?
-7
Let v(g) = -46*g + 87. Calculate v(4).
-97
Let q(n) = -56*n + 6775. Calculate q(121).
-1
Let l(c) = 23*c**2 - 435*c - 38. What is l(19)?
0
Let r(c) = 2*c**2 + 123*c + 108. Determine r(-60).
-72
Let t(p) = -28*p + 12. Calculate t(-3).
96
Let r(m) = -35*m + 21. Determine r(4).
-119
Let a(l) = 24*l - 733. Calculate a(30).
-13
Let v(c) = c**3 - 15*c**2 + 5*c - 4. Determine v(15).
71
Let t(i) = -i**3 - 9*i**2 + 13*i + 31. Determine t(-11).
130
Let t(z) = -50*z**2 + 526*z + 27. Determine t(11).
-237
Let o(q) = -54*q - 764. Give o(-14).
-8
Let x(n) = -n**3 + 4*n**2 + 9*n - 23. What is x(4)?
13
Let v(w) = -30*w**2 - 37*w + 44. Give v(1).
-23
Let y(m) = 9*m**2 - 37*m + 28. Calculate y(4).
24
Let b(n) = -44*n - 252. What is b(-6)?
12
Let n(h) = 3*h**2 + 55*h + 136. What is n(-17)?
68
Let m(w) = 1095*w - 20816. What is m(19)?
-11
Let r(f) = -f**2 - 168*f - 940. Determine r(-6).
32
Let z(u) = -39815*u - 119435. Give z(-3).
10
Let k(r) = -r**3 - 9*r**2 + r + 297. What is k(0)?
297
Let l(g) = 27*g**2 - 834*g - 85. Give l(31).
8
Let g(w) = w**2 + w - 201. Calculate g(15).
39
Let v(o) = -15*o**3 + 510*o**2 + 17*o - 576. Calculate v(34).
2
Let f(h) = -83*h - 1008. Give f(-11).
-95
Let w(c) = 93*c - 1967. Determine w(15).
-572
Let a(i) = i**2 - 105*i - 552. Calculate a(-5).
-2
Let u(l) = 2*l**3 + 26*l**2 - 18*l - 240. Determine u(-13).
-6
Let k(r) = -r**2 + 31*r + 207. What is k(-6)?
-15
Let d(g) = -g**3 + 78*g**2 - 81*g + 315. Give d(77).
7
Let w(c) = 903*c + 4517. Determine w(-5).
2
Let r(o) = -3*o**2 + 87*o - 4. Determine r(29).
-4
Let h(l) = 2*l**3 + 82*l**2 + 5*l + 190. Give h(-41).
-15
Let l(f) = 3*f**2 - 62*f + 98. Calculate l(16).
-126
Let r(n) = 8*n + 190. Give r(-21).
22
Let n(b) = 2*b**2 + 54*b - 502. What is n(-34)?
-26
Let j(h) = 277*h - 20792. Determine j(75).
-17
Let g(m) = -13*m + 168. Determine g(-33).
597
Let u(p) = 69*p + 2280. What is u(-33)?
3
Let r(p) = -2*p**2 + 338*p - 3743. Give r(157).
25
Let h(f) = -3*f**2 + 126*f - 91. Calculate h(41).
32
Let z(y) = 3*y**3 + 15*y**2 + 5*y + 11. Calculate z(-5).
-14
Let j(n) = n**3 + 40*n**2 - 42*n - 10. Determine j(-41).
31
Let a(b) = 2*b**2 - 52*b - 218. What is a(-4)?
22
Let a(f) = -5*f**3 - 22*f**2 - 2*f - 17. Give a(-4).
-41
Let z(q) = -q**3 - 10*q**2 + 23*q + 36. What is z(-10)?
-194
Let l(k) = 1963*k - 17666. Give l(9).
1
Let i(u) = -15*u - 353. Give i(-27).
52
Let g(b) = 17*b**3 - 2921*b**2 - 517*b + 179. Determine g(172).
7
Let v(l) = 63*l - 1571. Determine v(24).
-59
Let s(v) = v**3 + v**2 + 4*v - 143. Calculate s(0).
-143
Let q(t) = 3*t**2 - 39*t - 1370. Give q(28).
-110
Let y(g) = -g**3 - 49*g**2 - 586*g - 203. Determine y(-29).
-29
Let h(b) = b**3 + b**2 + 2*b - 92. Calculate h(0).
-92
Let